 - 2. What is k(4)?
10
Let s(k) = -3*k - 36. Give s(-9).
-9
Let o(q) = 85*q + 62. What is o(-1)?
-23
Let f(n) = -n - 6. Determine f(14).
-20
Let g(y) = -y**3 + y**2 + 2*y + 2. Calculate g(-2).
10
Let f(a) = -a**2 - 6*a + 24. Calculate f(-9).
-3
Let l(v) = 6*v**3 - 3*v**2 + 3*v. What is l(1)?
6
Let h(u) = 2*u**2 + 7*u + 5. Determine h(-4).
9
Let h(w) = -w - 8. Give h(-17).
9
Let x(k) = 56*k - 81. Determine x(4).
143
Let t(g) = g**3 - 12*g**2 + 5*g + 7. What is t(11)?
-59
Let k(h) = -h**2 - 3*h - 2. Calculate k(-4).
-6
Let g(d) = d**3 + d**2 - 3*d - 6. Give g(-3).
-15
Let m(j) = 93*j**3 + j**2 + 3*j + 2. Calculate m(-1).
-93
Let m(o) = o**3 + 12*o**2 + 23*o + 23. Calculate m(-10).
-7
Let n(j) = 52*j + 458. Determine n(-9).
-10
Let q(k) = k**2 + 3*k + 7. Calculate q(-5).
17
Let d(y) = -y**3 - 10*y**2 - 21*y - 38. Calculate d(-8).
2
Let m(d) = -5*d + 8. What is m(-9)?
53
Let z(k) = -k**2 - 10*k + 68. Determine z(-14).
12
Let l(x) = -x**3 + 8*x**2 + 18*x + 13. Calculate l(10).
-7
Let o(l) = l**3 - 4*l**2 - 4*l - 3. Determine o(-2).
-19
Let f(z) = -3*z**3 + z**2 - 4*z - 3. Give f(-2).
33
Let l(h) = h**2 - 5*h + 11. Calculate l(8).
35
Let g(t) = 2*t**2 - 4*t - 53. Give g(6).
-5
Let d(h) = -h**3 + 29*h**2 - 54*h + 8. What is d(27)?
8
Let i(r) = -4*r + 45. Give i(14).
-11
Let q(k) = 11*k - 5. What is q(1)?
6
Let j(w) = -w - 9. Give j(8).
-17
Let b(g) = 3*g + 9. Calculate b(-7).
-12
Let y(k) = -5*k + 83. Give y(13).
18
Let d(t) = t**2 - 7*t + 3. What is d(3)?
-9
Let v(o) = -o + 12. Determine v(10).
2
Let n(q) = q**2 + 4*q + 6. Determine n(-4).
6
Let l(p) = 4*p**2 + 57*p + 70. Calculate l(-13).
5
Let k(u) = u**2 + 5*u + 3. Determine k(-5).
3
Let r(f) = -4*f. Determine r(6).
-24
Let s(v) = -v**3 + 11*v**2 - 21*v + 19. What is s(9)?
-8
Let k(a) = -20*a + 2. What is k(2)?
-38
Let t(g) = g**3 + 8*g**2 + 7*g + 5. What is t(-3)?
29
Let c(w) = w**3 - 6*w**2 - 8*w - 8. Calculate c(7).
-15
Let o(r) = 2*r**3 + 3*r**2 - 5*r - 2. Calculate o(-3).
-14
Let m(d) = d**2 + 26*d + 3. Give m(-26).
3
Let j(o) = o + 3. Give j(9).
12
Let t(c) = c**3 - 14*c**2 + 12*c + 9. What is t(13)?
-4
Let r(y) = 13*y - 8. Calculate r(-4).
-60
Let a(j) = -j**2 - 18. What is a(0)?
-18
Let t(a) = -a**2 - 58*a. What is t(0)?
0
Let r(g) = g**3 - 4*g**2 - 2*g. Give r(4).
-8
Let v(b) = -b**3 + 7*b**2 + 27*b + 17. What is v(10)?
-13
Let q(g) = -g**3 + 6*g**2 + 4. What is q(6)?
4
Let n(z) = z**2 + 6*z + 3. Calculate n(-7).
10
Let d(m) = 3*m**3 - 10*m**2 + m - 1. Give d(3).
-7
Let t(z) = z**3 - 3*z**2 - 2*z + 7. Determine t(3).
1
Let q(z) = -z**3 - 4*z**2 - z - 2. Give q(-4).
2
Let w(n) = 29*n - 1079. Give w(37).
-6
Let w(l) = -2*l**2 - 2*l + 4. Calculate w(-5).
-36
Let q(z) = z - 6. Calculate q(12).
6
Let s(j) = j - 16. Determine s(4).
-12
Let q(j) = 2*j**2 - j - 3. Calculate q(5).
42
Let g(t) = -t**2 + 6*t - 7. What is g(6)?
-7
Let n(g) = 50*g + 240. Calculate n(-5).
-10
Let l(b) = -b**3 + 12. Determine l(0).
12
Let i(a) = a**3 + 3*a**2 - 7*a + 3. What is i(-6)?
-63
Let t(a) = -4*a - 8. Give t(-5).
12
Let j(b) = -b**3 + 17*b**2 + 2*b - 42. Calculate j(17).
-8
Let n(w) = -w - 18. What is n(9)?
-27
Let s(r) = -3*r + 2. Give s(13).
-37
Let q(s) = s**3 - 4*s**2 - 5*s + 4. Calculate q(6).
46
Let r(x) = x**3 + 2*x**2 + 3*x + 1. What is r(-2)?
-5
Let y(m) = -15*m - 22. Calculate y(-9).
113
Let z(b) = -b**3 - 12*b**2 - 13*b - 20. Determine z(-11).
2
Let j(q) = 13*q - 20. Determine j(2).
6
Let c(p) = -6*p - 148. What is c(-28)?
20
Let k(w) = w**3 + w**2 - 3*w + 11. Determine k(0).
11
Let a(r) = r**3 - 8*r**2 + 5*r + 3. What is a(6)?
-39
Let y(l) = l**2 + 2*l + 4. Determine y(-3).
7
Let f(j) = -9*j + 35. What is f(8)?
-37
Let q(y) = 2*y - 5. What is q(0)?
-5
Let n(u) = u**2 - 18*u + 8. What is n(13)?
-57
Let n(q) = -28*q + 383. Give n(14).
-9
Let o(u) = u**3 + 2*u**2 - 2*u - 3. Calculate o(0).
-3
Let g(z) = -2*z. Calculate g(-9).
18
Let c(h) = 36*h + 1. Give c(-1).
-35
Let h(g) = 13*g + 3. Calculate h(1).
16
Let w(s) = 4*s**3 - 3*s**2 + 3. Determine w(-2).
-41
Let l(q) = -4*q + 12. Determine l(3).
0
Let q(c) = -39*c**3 - 2*c**2 + 1. Give q(1).
-40
Let w(q) = 4*q**2. Calculate w(1).
4
Let t(q) = q**2 - 12*q - 6. What is t(13)?
7
Let a(y) = -y**2 - 18*y - 23. Give a(-17).
-6
Let o(j) = -j**3 - 10*j**2 - 3*j + 24. Calculate o(-9).
-30
Let p(g) = 6*g + 44. Determine p(-3).
26
Let w(j) = -j**2 - 3*j + 1. What is w(-3)?
1
Let v(t) = -3*t + 67. What is v(30)?
-23
Let i(p) = -42*p + 22. Determine i(-2).
106
Let z(q) = -q**2 + q + 126. What is z(-11)?
-6
Let r(w) = -w - 5. Give r(-8).
3
Let h(r) = r**3 - 56*r**2 - 59*r + 110. What is h(57)?
-4
Let s(x) = 44*x - 2. What is s(1)?
42
Let j(s) = 40*s**2 + 1. Give j(1).
41
Let h(t) = 2*t - 16. Calculate h(11).
6
Let q(u) = 61*u - 975. Determine q(16).
1
Let d(q) = -2*q**3 + 10*q**2 + 19*q - 101. Calculate d(5).
-6
Let s(a) = a**2 + 6*a - 11. Give s(7).
80
Let f(n) = -n**3 + 25*n**2 - n + 20. What is f(25)?
-5
Let w(v) = 52*v - 27. Give w(2).
77
Let g(r) = r**3 + 6*r**2 - 8*r + 4. Give g(-7).
11
Let y(r) = -2*r + 8. Give y(-9).
26
Let s(k) = -20*k**2 - 280*k - 17. What is s(-14)?
-17
Let h(f) = -3*f**3 - 8*f**2 + 12. Determine h(-2).
4
Let o(p) = -p**2 - 21*p + 7. Give o(-17).
75
Let s(y) = y**3 - 8*y**2 + 7*y - 4. Give s(6).
-34
Let i(p) = 2*p**2 + 10*p. Determine i(-5).
0
Let n(j) = -j**3 + 25*j**2 + 55*j - 21. Give n(27).
6
Let u(f) = f**2 + 23*f + 2. Determine u(-23).
2
Let v(j) = -17*j + 2. What is v(-1)?
19
Let p(a) = a**3 - 6*a**2 - 10*a + 10. Determine p(7).
-11
Let u(k) = 2*k - 2. What is u(5)?
8
Let z(i) = -5*i - 3. Give z(3).
-18
Let v(h) = -h**3 - 8*h**2 - 13*h - 4. Determine v(-6).
2
Let u(t) = -t**2 + 7*t - 8. Calculate u(6).
-2
Let r(y) = 3*y + 3. What is r(-9)?
-24
Let u(z) = -25*z**2 - 1. Determine u(1).
-26
Let s(i) = -2*i**2 - 4*i + 5. Determine s(4).
-43
Let v(s) = 2*s**3 - 15*s**2 - 9*s + 19. Determine v(8).
11
Let s(n) = -2*n**2 - n + 3. Determine s(4).
-33
Let v(z) = 29*z + 7. Calculate v(-2).
-51
Let m(c) = -11*c**3 - 2*c**2 + c + 3. Calculate m(-1).
11
Let v(z) = z**3 + 5*z**2 - 9*z - 11. Determine v(-6).
7
Let w(p) = -p - 7. What is w(-10)?
3
Let v(t) = 2*t + 1. Determine v(-4).
-7
Let o(s) = 3*s**2 + 4*s - 11. Determine o(5).
84
Let o(h) = 11*h - 73. Determine o(7).
4
Let w(a) = -a**3 - 6*a**2 - 9*a - 6. Determine w(-6).
48
Let a(g) = -g**3 - 23*g**2 - 24*g - 45. Give a(-22).
-1
Let a(h) = -10*h + 166. Give a(17).
-4
Let k(p) = 2*p**2 + 23*p. Calculate k(-3).
-51
Let a(c) = c**2 - 39*c + 195. What is a(33)?
-3
Let v(c) = c**2 - 5*c + 6. What is v(2)?
0
Let i(m) = 2*m**2 + 2*m + 3. Give i(-1).
3
Let v(w) = 2*w + 22. Give v(0).
22
Let p(q) = 10*q + 3. Determine p(-2).
-17
Let n(u) = -3*u - 15. Give n(-12).
21
Let n(k) = -k**2 + k + 4. Give n(-3).
-8
Let r(c) = c**3 - 16*c**2 + 16*c - 5. Give r(15).
10
Let z(f) = -5*f + 6. Give z(7).
-29
Let b(v) = -v**2 - 18*v + 36. Calculate b(-18).
36
Let s(k) = k**2 + 2*k - 2. Determine s(-2).
-2
Let r(v) = -v**2 - 19*v - 52. Give r(-16).
-4
Let h(w) = -8*w**3 + 1. What is h(1)?
-7
Let n(s) = 2*s**2 - 5*s + 2. Give n(3).
5
Let j(f) = 6*f - 1. What is j(-3)?
-19
Let d(q) = -6*q**2 + 14*q - 8. Determine d(5).
-88
Let a(i) = -i - 3. Give a(11).
-14
Let i(u) = u**2 - 254*u - 1284. Determine i(-5).
11
Let b(i) = i**2 + 6*i - 4. What is b(-7)?
3
Let c(n) = n - 7. Give c(9).
2
Let z(h) = -2*h**2 - 2*h - 9. Determine z(4).
-49
Let x(j) = -j**2 + 24*j - 79. What is x(20)?
1
Let p(j) = 8*j + 13. Determine p(-11).
-75
Let k(y) = 2*y**2 + 30*y + 116. Determine k(-6).
8
Let m(r) = -r**2 + 14*r - 20. What is m(12)?
4
Let o(z) = z**2 + 15*z - 35. What is o(-18)?
19
Let d(z) = 19*z + 87. Determine d(-5).
-8
Let b(i) = i + 5. Determine b(3).
8
Let u(o) = 9*o + 76. Determine u(-9).
-5
Let p(z) = -2*z**2 + 17*z - 7. Give p(8).
1
Let w(u) = 3*u**2 + u - 1. Calculate w(-2).
9
Let r(z) = z - 18. Calculate r(25).
7
Let p(v) = v**3 - 14*v**2 - 5*v + 67. What is p(14)?
-3
Let a(p) = p**2 - 4*p - 38. Determine a(0).
-38
Let s(x) = -14*x**2 - 10*x + 10. Calculate s(1).
-14
Let d(m) = -140*m + 13. Determine d(0).
13
Let q(m) = -m - 16. Determine q(-8).
-8
Let m(b) = -b**3 - 13*b**2 - 12*b - 7. Give m(-12).
-7
Let f(v) = 10*v + 4. Give f(-3).
-26
Let y(f) = f**3 - 7*f**2 - 3*f - 9. Give y(8).
31
Let l(r) = -r**2 - 12*r - 9. What is l